0
What is -6217 (base 11) in base 6?
-102102
Convert -12201130 (base 4) to base 2.
-110100001011100
What is -11111001011001 (base 2) in base 6?
-201521
1100 (base 8) to base 9
710
Convert -217 (base 14) to base 7.
-1130
What is 208 (base 11) in base 5?
2000
What is -142442 (base 6) in base 7?
-54353
What is -f5 (base 16) in base 8?
-365
What is -1820 (base 10) in base 9?
-2442
What is 67 (base 15) in base 2?
1100001
Convert -1433 (base 6) to base 14.
-1d3
Convert 41 (base 6) to base 5.
100
What is 110200202 (base 3) in base 10?
9254
What is -2703 (base 8) in base 6?
-10455
-4861 (base 12) to base 14
-2d73
What is -100100010010 (base 2) in base 9?
-3160
65b (base 12) to base 13
56c
Convert 4134 (base 8) to base 5.
32030
Convert -23562 (base 11) to base 12.
-17790
12076 (base 8) to base 14
1c62
What is 7653 (base 8) in base 9?
5446
What is -1011011111 (base 2) in base 10?
-735
-13113 (base 5) to base 14
-53b
21d2 (base 15) to base 3
100211122
-210332 (base 5) to base 3
-100120001
315b (base 13) to base 3
100101012
Convert 10020 (base 3) to base 5.
322
Convert 459 (base 10) to base 16.
1cb
Convert -210 (base 3) to base 4.
-111
Convert 222012 (base 3) to base 11.
593
What is -15564 (base 12) in base 8?
-72734
Convert -5a63 (base 16) to base 6.
-255043
-b8b8 (base 15) to base 13
-14a47
What is -1568 (base 16) in base 6?
-41212
What is -101320110 (base 4) in base 3?
-10201110110
Convert 6556 (base 15) to base 6.
243200
What is a4 (base 13) in base 12?
b2
What is -400 (base 13) in base 8?
-1244
5743 (base 10) to base 16
166f
What is ea1 (base 15) in base 3?
11112021
11026 (base 8) to base 14
198a
Convert -1012 (base 3) to base 13.
-26
What is 2331133 (base 4) in base 6?
132051
-154 (base 9) to base 14
-94
Convert -10829 (base 10) to base 16.
-2a4d
822 (base 11) to base 5
12432
What is -1013 (base 7) in base 3?
-111002
What is 1536 (base 9) in base 15?
52c
What is -50722 (base 8) in base 16?
-51d2
What is 2520 (base 8) in base 10?
1360
What is 1855 (base 15) in base 12?
305b
Convert -16a0 (base 13) to base 10.
-3341
110001111010000 (base 2) to base 10
25552
What is -7064 (base 12) in base 16?
-2f8c
-240 (base 8) to base 11
-136
What is -18b1 (base 12) in base 8?
-5705
290 (base 11) to base 13
203
-84a (base 13) to base 4
-112012
-30736 (base 8) to base 10
-12766
716 (base 8) to base 16
1ce
Convert -1908 (base 11) to base 7.
-10036
3265 (base 10) to base 4
303001
-151 (base 14) to base 16
-10b
Convert 1151 (base 7) to base 3.
120212
-942 (base 10) to base 5
-12232
What is 63d (base 14) in base 15?
571
What is -1010000000 (base 2) in base 9?
-781
Convert 1053 (base 7) to base 9.
463
What is 50be (base 15) in base 5?
1021204
Convert -24603 (base 8) to base 13.
-4ab6
What is -630 (base 10) in base 11?
-523
Convert -410311 (base 5) to base 11.
-9a16
12122200 (base 4) to base 16
66a0
What is 2462 (base 15) in base 3?
101121202
97 (base 13) to base 2
1111100
13649 (base 11) to base 6
225513
3406 (base 10) to base 3
11200011
Convert -111211 (base 3) to base 2.
-101110101
Convert -5 (base 13) to base 5.
-10
-50245 (base 6) to base 16
-19b5
-12121301 (base 4) to base 2
-110011001110001
-11210022 (base 4) to base 16
-590a
-41286 (base 10) to base 16
-a146
What is 3b01 (base 16) in base 7?
62016
What is 100305 (base 6) in base 5?
223024
What is 382 (base 14) in base 10?
702
-38a8 (base 11) to base 8
-11727
What is 5d7 (base 14) in base 11?
973
What is 3214 (base 7) in base 9?
1504
What is -110100022 (base 3) in base 14?
-33cb
Convert -51 (base 15) to base 5.
-301
-125232 (base 8) to base 10
-43674
-1101000010 (base 2) to base 13
-4c2
What is -54462 (base 8) in base 11?
-16179
3087 (base 10) to base 5
44322
What is -256544 (base 7) in base 13?
-18a9a
What is -8985 (base 16) in base 15?
-a670
-50b (base 16) to base 13
-784
What is -22a9 (base 14) in base 15?
-1bbe
Convert -1d8d (base 15) to base 7.
-24520
What is 11100000100 (base 2) in base 9?
2415
Convert -1241a (base 12) to base 13.
-b38c
Convert -103011 (base 4) to base 5.
-14341
Convert 423133 (base 5) to base 12.
8248
Convert 323310 (base 5) to base 16.
2b48
Convert 3870 (base 9) to base 4.
231102
Convert -5 (base 10) to base 12.
-5
Convert -25105 (base 6) to base 8.
-7201
Convert 446 (base 7) to base 15.
105
What is 3aa (base 14) in base 3?
1000100
What is -150247 (base 8) in base 16?
-d0a7
-10233 (base 4) to base 15
-153
Convert 434 (base 11) to base 4.
20021
Convert 1011111001 (base 2) to base 10.
761
Convert 443 (base 9) to base 8.
553
34100 (base 8) to base 10
14400
Convert -454 (base 14) to base 6.
-3550
What is 24736 (base 8) in base 12?
6252
What is 1001100000001 (base 2) in base 10?
4865
Convert 1dd4 (base 15) to base 3.
22220201
What is 9ed4 (base 15) in base 5?
2034344
Convert -1c7 (base 14) to base 12.
-26b
7c3 (base 15) to base 9
2363
Convert 608 (base 12) to base 7.
2354
-120231 (base 4) to base 15
-706
Convert 104300 (base 5) to base 7.
13534
-451342 (base 6) to base 13
-14360
-4563 (base 9) to base 15
-1003
-313 (base 13) to base 16
-20b
Convert -45b (base 13) to base 12.
-528
1022 (base 16) to base 10
4130
What is -2210040 (base 5) in base 11?
-26728
What is -310 (base 8) in base 5?
-1300
-1000010000101 (base 2) to base 9
-5718
10101100000101 (base 2) to base 4
2230011
Convert -1578 (base 11) to base 13.
-bc6
345 (base 11) to base 3
120021
12133 (base 5) to base 9
1230
Convert 798 (base 12) to base 13.
686
596 (base 11) to base 16
2c6
Convert -1438 (base 16) to base 8.
-12070
Convert -10001121 (base 3) to base 12.
-135a
Convert -132434 (base 6) to base 2.
-10111111100110
101110 (base 3) to base 13
189
What is 6382 (base 9) in base 13?
219b
What is b5e6 (base 15) in base 3?
1221202200
What is 4300 (base 9) in base 16?
c57
Convert 87a (base 11) to base 6.
4515
What is -2222022 (base 3) in base 5?
-32133
Convert -275d (base 15) to base 9.
-12477
Convert 1434 (base 14) to base 7.
13264
Convert -8271 (base 10) to base 8.
-20117
13515 (base 6) to base 14
ac7
Convert 121112121 (base 3) to base 13.
5647
-19135 (base 11) to base 9
-40654
-250 (base 8) to base 14
-c0
4b2 (base 12) to base 14
38a
What is 12211200 (base 3) in base 9?
5750
Convert 38743 (base 10) to base 9.
58127
What is -8ed (base 15) in base 3?
-2202221
91 (base 10) to base 9
111
What is -401102 (base 5) in base 11?
-9562
Convert 47052 (base 9) to base 6.
401202
-3014 (base 11) to base 13
-1a94
Convert -3514 (base 6) to base 16.
-346
Convert -136 (base 16) to base 10.
-310
What is 1536 (base 9) in base 8?
2217
167 (base 10) to base 14
bd
46a (base 13) to base 11
635
30345 (base 6) to base 13
1aa8
850 (base 11) to base 8
1777
1204440 (base 5) to base 7
122404
What is -cb39 (base 15) in base 7?
-236310
Convert 22310 (base 4) to base 14.
376
Convert -3330 (base 4) to base 10.
-252
-27a (base 13) to base 8
-667
-30628 (base 9) to base 16
-4ee3
Convert 4dd9 (base 16) to base 4.
10313121
Convert 1340 (base 9) to base 15.
473
What is 3566 (base 7) in base 15?
5d2
What is 1593 (base 11) in base 16?
7f6
Convert 49 (base 13) to base 5.
221
Convert 20200 (base 4) to base 7.
1405
-587 (base 15) to base 2
-10011100100
-168 (base 16) to base 7
-1023
What is -12215 (base 6) in base 12?
-106b
Convert -1673 (base 8) to base 2.
-1110111011
What is bca8 (base 13) in base 3?
1100010022
191 (base 13) to base 15
142
-21654 (base 9) to base 5
-430021
1ed (base 15) to base 16
1c0
Convert 20110 (base 3) to base 14.
c6
-2111233 (base 4) to base 12
-5667
-a1dd (base 16) to base 5
-2311222
Convert -1003 (base 9) to base 14.
-3a4
Convert 11111111001 (base 2) to base 16.
7f9
What is -56 (base 16) in base 5?
-321
-11002 (base 5) to base 10
-752
What is 31717 (base 8) in base 11?
9a68
Convert 29 (base 16) to base 13.
32
Convert 313331 (base 4) to base 2.
110111111101
What is 2235 (base 6) in base 12?
37b
What is 365 (base 10) in base 14?
1c1
Convert -15268 (base 10) to base 4.
-3232210
Convert 13112 (base 5) to base 10.
1032
32061 (base 7) to base 15
253c
Convert -1309 (base 11) to base 3.
-2100002
What is 4140 (base 6) in base 16?
39c
What is 646 (base 10) in base 5?
10041
What is -3534 (base 14) in base 8?
-22052
1100001011 (base 2) to base 11
649
-142 (base 7) to base 2
-1001111
Convert -1532 (base 6) to base 4.
-12200
Convert -46512 (base 8) to base 5.
-11131